{"id":698,"date":"2025-09-09T20:51:40","date_gmt":"2025-09-09T18:51:40","guid":{"rendered":"https:\/\/nclean.com.pl\/?post_type=product&#038;p=698"},"modified":"2025-10-11T15:51:13","modified_gmt":"2025-10-11T13:51:13","slug":"nb530","status":"publish","type":"product","link":"https:\/\/nclean.com.pl\/index.php\/produkt\/nb530\/","title":{"rendered":"NB530"},"content":{"rendered":"<p class=\"p1\"><span class=\"s1\">NB530 to zupe\u0142nie nowa, maszyna szoruj\u0105co-zbieraj\u0105ca o kompaktowej konstrukcji, odpowiednia do matych, zat\u0142oczonych powierzchni, takich jak centra handlowe, biura, dworce kolejowe, hotele, szpitale itp. <\/span><span class=\"s1\">Urz\u0105dzenie zapewnia niezwykle precyzyjne rezultaty czyszczenia, dzi\u0119ki swojej kompaktowej, elastycznej i unikaj\u0105cej przeszk\u00f3d konstrukcji.<\/span><\/p>\n<ul>\n<li class=\"p1\"><span class=\"s1\">Du\u017ca podnoszona klapa na zbiorniku wody brudnej zapewnia tatwy dost\u0119p w celu czyszczenia i konserwacji.<\/span><\/li>\n<li class=\"p1\">Przejrzysty panel sterowania jest niezawodny, intuicyjny i nie wymaga cz\u0119stej konserwacji.<\/li>\n<li class=\"p1\">Du\u017cy zbiomnik wody czystej z wlewem umieszczonym z przodu maszyny, umo\u017cliwia szybkie i tatwe nape\u0142nianie.<\/li>\n<li class=\"p1\">Os\u0142ona szczotki i uchwyt ssawy s\u0105 wykonane z aluminium i poddane obr\u00f3bce natryskowej, aby nada\u0107 im wytrzyma\u0142os\u0107. Dzi\u0119ki temu s\u0105 trwa\u0142e i odpome na rdze.<\/li>\n<li class=\"p1\">Dzi\u0119ki mo\u017cliwo\u015bci regulacji docisku szczotki, mo\u017cna w pe\u0142ni wykornych typach pod\u0142og oraz przy r\u00f3\u017cnych, nawet najci\u0119\u017cszyct zabrudzeniach.<\/li>\n<li class=\"p1\">Specjalna konstrukcja, skutecznie redukuje g\u0142o\u015bno\u015b\u0107 pracy sitnika ss\u0105cego co znacznie zmniejsza hatas podczas pracy urz\u0105dzeniem.<\/li>\n<li class=\"p1\">Wysokowydajny i niezawodny mechanizm zapobiegaj\u0105cy powstawaniu piany oraz system monitorowania poziomu wody w zbiomiku, poprawiaja wydajno\u015b\u0107 maszyny i utatwiaja jej codzienne u\u017cytkowanie. System ten znacznie wyd\u0142uza zywotno\u015b\u0107 sitnika ss\u0105cego.<\/li>\n<li class=\"p1\">Uruchamianie maszyny dzi\u0119ki czytelnym przyciskom, z wbudowan\u0105 ochron\u0105 przed przepi\u0119ciem i przeci\u0105\u017ceniem silnika.<\/li>\n<li class=\"p1\">Opatentowana technologia zaczepu szczotki jest wyj\u0105tkowo solidna, co u\u0142atwia zak\u0142adanie i zdejmowanie szczotki.<\/li>\n<\/ul>\n","protected":false},"excerpt":{"rendered":"<p>NB530 to zupe\u0142nie nowa, maszyna szoruj\u0105co-zbieraj\u0105ca o kompaktowej konstrukcji, odpowiednia do matych, zat\u0142oczonych powierzchni, takich jak centra handlowe, biura, dworce kolejowe, hotele, szpitale itp. Urz\u0105dzenie zapewnia niezwykle precyzyjne rezultaty czyszczenia, dzi\u0119ki swojej kompaktowej, elastycznej i unikaj\u0105cej przeszk\u00f3d konstrukcji. Du\u017ca podnoszona klapa na zbiorniku wody brudnej zapewnia tatwy dost\u0119p w celu czyszczenia i konserwacji. Przejrzysty panel [&hellip;]<\/p>\n","protected":false},"featured_media":699,"comment_status":"open","ping_status":"closed","template":"","meta":{"_acf_changed":false},"product_brand":[],"product_cat":[26,22],"product_tag":[],"class_list":{"0":"post-698","1":"product","2":"type-product","3":"status-publish","4":"has-post-thumbnail","6":"product_cat-maszyny-czyszczace","7":"product_cat-noblelift","9":"first","10":"instock","11":"shipping-taxable","12":"product-type-simple"},"acf":[],"yoast_head":"<!-- This site is optimized with the Yoast SEO plugin v27.1.1 - https:\/\/yoast.com\/product\/yoast-seo-wordpress\/ -->\n<title>NB530 - NCLEAN<\/title>\n<meta name=\"robots\" content=\"index, follow, max-snippet:-1, max-image-preview:large, max-video-preview:-1\" \/>\n<link rel=\"canonical\" href=\"https:\/\/nclean.com.pl\/index.php\/produkt\/nb530\/\" \/>\n<meta property=\"og:locale\" content=\"pl_PL\" \/>\n<meta property=\"og:type\" content=\"article\" \/>\n<meta property=\"og:title\" content=\"NB530 - NCLEAN\" \/>\n<meta property=\"og:description\" content=\"NB530 to zupe\u0142nie nowa, maszyna szoruj\u0105co-zbieraj\u0105ca o kompaktowej konstrukcji, odpowiednia do matych, zat\u0142oczonych powierzchni, takich jak centra handlowe, biura, dworce kolejowe, hotele, szpitale itp. Urz\u0105dzenie zapewnia niezwykle precyzyjne rezultaty czyszczenia, dzi\u0119ki swojej kompaktowej, elastycznej i unikaj\u0105cej przeszk\u00f3d konstrukcji. Du\u017ca podnoszona klapa na zbiorniku wody brudnej zapewnia tatwy dost\u0119p w celu czyszczenia i konserwacji. Przejrzysty panel [&hellip;]\" \/>\n<meta property=\"og:url\" content=\"https:\/\/nclean.com.pl\/index.php\/produkt\/nb530\/\" \/>\n<meta property=\"og:site_name\" content=\"NCLEAN\" \/>\n<meta property=\"article:publisher\" content=\"https:\/\/www.facebook.com\/ncleancompl\/\" \/>\n<meta property=\"article:modified_time\" content=\"2025-10-11T13:51:13+00:00\" \/>\n<meta property=\"og:image\" content=\"https:\/\/nclean.com.pl\/wp-content\/uploads\/2025\/09\/20240729105206104.png\" \/>\n\t<meta property=\"og:image:width\" content=\"2139\" \/>\n\t<meta property=\"og:image:height\" content=\"2175\" \/>\n\t<meta property=\"og:image:type\" content=\"image\/png\" \/>\n<meta name=\"twitter:card\" content=\"summary_large_image\" \/>\n<meta name=\"twitter:label1\" content=\"Szacowany czas czytania\" \/>\n\t<meta name=\"twitter:data1\" content=\"1 minuta\" \/>\n<script type=\"application\/ld+json\" class=\"yoast-schema-graph\">{\"@context\":\"https:\/\/schema.org\",\"@graph\":[{\"@type\":\"WebPage\",\"@id\":\"https:\/\/nclean.com.pl\/index.php\/produkt\/nb530\/\",\"url\":\"https:\/\/nclean.com.pl\/index.php\/produkt\/nb530\/\",\"name\":\"NB530 - NCLEAN\",\"isPartOf\":{\"@id\":\"http:\/\/nclean.com.pl\/#website\"},\"primaryImageOfPage\":{\"@id\":\"https:\/\/nclean.com.pl\/index.php\/produkt\/nb530\/#primaryimage\"},\"image\":{\"@id\":\"https:\/\/nclean.com.pl\/index.php\/produkt\/nb530\/#primaryimage\"},\"thumbnailUrl\":\"https:\/\/nclean.com.pl\/wp-content\/uploads\/2025\/09\/20240729105206104.png\",\"datePublished\":\"2025-09-09T18:51:40+00:00\",\"dateModified\":\"2025-10-11T13:51:13+00:00\",\"breadcrumb\":{\"@id\":\"https:\/\/nclean.com.pl\/index.php\/produkt\/nb530\/#breadcrumb\"},\"inLanguage\":\"pl-PL\",\"potentialAction\":[{\"@type\":\"ReadAction\",\"target\":[\"https:\/\/nclean.com.pl\/index.php\/produkt\/nb530\/\"]}]},{\"@type\":\"ImageObject\",\"inLanguage\":\"pl-PL\",\"@id\":\"https:\/\/nclean.com.pl\/index.php\/produkt\/nb530\/#primaryimage\",\"url\":\"https:\/\/nclean.com.pl\/wp-content\/uploads\/2025\/09\/20240729105206104.png\",\"contentUrl\":\"https:\/\/nclean.com.pl\/wp-content\/uploads\/2025\/09\/20240729105206104.png\",\"width\":2139,\"height\":2175},{\"@type\":\"BreadcrumbList\",\"@id\":\"https:\/\/nclean.com.pl\/index.php\/produkt\/nb530\/#breadcrumb\",\"itemListElement\":[{\"@type\":\"ListItem\",\"position\":1,\"name\":\"Strona g\u0142\u00f3wna\",\"item\":\"http:\/\/nclean.com.pl\/\"},{\"@type\":\"ListItem\",\"position\":2,\"name\":\"Sklep\",\"item\":\"https:\/\/nclean.com.pl\/index.php\/sklep\/\"},{\"@type\":\"ListItem\",\"position\":3,\"name\":\"NB530\"}]},{\"@type\":\"WebSite\",\"@id\":\"http:\/\/nclean.com.pl\/#website\",\"url\":\"http:\/\/nclean.com.pl\/\",\"name\":\"NCLEAN\",\"description\":\"Czynimy sprz\u0105tanie \u0142atwiejszym!\",\"publisher\":{\"@id\":\"http:\/\/nclean.com.pl\/#organization\"},\"potentialAction\":[{\"@type\":\"SearchAction\",\"target\":{\"@type\":\"EntryPoint\",\"urlTemplate\":\"http:\/\/nclean.com.pl\/?s={search_term_string}\"},\"query-input\":{\"@type\":\"PropertyValueSpecification\",\"valueRequired\":true,\"valueName\":\"search_term_string\"}}],\"inLanguage\":\"pl-PL\"},{\"@type\":\"Organization\",\"@id\":\"http:\/\/nclean.com.pl\/#organization\",\"name\":\"NCLEAN\",\"url\":\"http:\/\/nclean.com.pl\/\",\"logo\":{\"@type\":\"ImageObject\",\"inLanguage\":\"pl-PL\",\"@id\":\"http:\/\/nclean.com.pl\/#\/schema\/logo\/image\/\",\"url\":\"http:\/\/nclean.com.pl\/wp-content\/uploads\/2026\/03\/1a-scaled.png\",\"contentUrl\":\"http:\/\/nclean.com.pl\/wp-content\/uploads\/2026\/03\/1a-scaled.png\",\"width\":2560,\"height\":2560,\"caption\":\"NCLEAN\"},\"image\":{\"@id\":\"http:\/\/nclean.com.pl\/#\/schema\/logo\/image\/\"},\"sameAs\":[\"https:\/\/www.facebook.com\/ncleancompl\/\",\"https:\/\/www.instagram.com\/nclean_com_pl\/\"]}]}<\/script>\n<!-- \/ Yoast SEO plugin. -->","yoast_head_json":{"title":"NB530 - NCLEAN","robots":{"index":"index","follow":"follow","max-snippet":"max-snippet:-1","max-image-preview":"max-image-preview:large","max-video-preview":"max-video-preview:-1"},"canonical":"https:\/\/nclean.com.pl\/index.php\/produkt\/nb530\/","og_locale":"pl_PL","og_type":"article","og_title":"NB530 - NCLEAN","og_description":"NB530 to zupe\u0142nie nowa, maszyna szoruj\u0105co-zbieraj\u0105ca o kompaktowej konstrukcji, odpowiednia do matych, zat\u0142oczonych powierzchni, takich jak centra handlowe, biura, dworce kolejowe, hotele, szpitale itp. Urz\u0105dzenie zapewnia niezwykle precyzyjne rezultaty czyszczenia, dzi\u0119ki swojej kompaktowej, elastycznej i unikaj\u0105cej przeszk\u00f3d konstrukcji. Du\u017ca podnoszona klapa na zbiorniku wody brudnej zapewnia tatwy dost\u0119p w celu czyszczenia i konserwacji. Przejrzysty panel [&hellip;]","og_url":"https:\/\/nclean.com.pl\/index.php\/produkt\/nb530\/","og_site_name":"NCLEAN","article_publisher":"https:\/\/www.facebook.com\/ncleancompl\/","article_modified_time":"2025-10-11T13:51:13+00:00","og_image":[{"width":2139,"height":2175,"url":"https:\/\/nclean.com.pl\/wp-content\/uploads\/2025\/09\/20240729105206104.png","type":"image\/png"}],"twitter_card":"summary_large_image","twitter_misc":{"Szacowany czas czytania":"1 minuta"},"schema":{"@context":"https:\/\/schema.org","@graph":[{"@type":"WebPage","@id":"https:\/\/nclean.com.pl\/index.php\/produkt\/nb530\/","url":"https:\/\/nclean.com.pl\/index.php\/produkt\/nb530\/","name":"NB530 - NCLEAN","isPartOf":{"@id":"http:\/\/nclean.com.pl\/#website"},"primaryImageOfPage":{"@id":"https:\/\/nclean.com.pl\/index.php\/produkt\/nb530\/#primaryimage"},"image":{"@id":"https:\/\/nclean.com.pl\/index.php\/produkt\/nb530\/#primaryimage"},"thumbnailUrl":"https:\/\/nclean.com.pl\/wp-content\/uploads\/2025\/09\/20240729105206104.png","datePublished":"2025-09-09T18:51:40+00:00","dateModified":"2025-10-11T13:51:13+00:00","breadcrumb":{"@id":"https:\/\/nclean.com.pl\/index.php\/produkt\/nb530\/#breadcrumb"},"inLanguage":"pl-PL","potentialAction":[{"@type":"ReadAction","target":["https:\/\/nclean.com.pl\/index.php\/produkt\/nb530\/"]}]},{"@type":"ImageObject","inLanguage":"pl-PL","@id":"https:\/\/nclean.com.pl\/index.php\/produkt\/nb530\/#primaryimage","url":"https:\/\/nclean.com.pl\/wp-content\/uploads\/2025\/09\/20240729105206104.png","contentUrl":"https:\/\/nclean.com.pl\/wp-content\/uploads\/2025\/09\/20240729105206104.png","width":2139,"height":2175},{"@type":"BreadcrumbList","@id":"https:\/\/nclean.com.pl\/index.php\/produkt\/nb530\/#breadcrumb","itemListElement":[{"@type":"ListItem","position":1,"name":"Strona g\u0142\u00f3wna","item":"http:\/\/nclean.com.pl\/"},{"@type":"ListItem","position":2,"name":"Sklep","item":"https:\/\/nclean.com.pl\/index.php\/sklep\/"},{"@type":"ListItem","position":3,"name":"NB530"}]},{"@type":"WebSite","@id":"http:\/\/nclean.com.pl\/#website","url":"http:\/\/nclean.com.pl\/","name":"NCLEAN","description":"Czynimy sprz\u0105tanie \u0142atwiejszym!","publisher":{"@id":"http:\/\/nclean.com.pl\/#organization"},"potentialAction":[{"@type":"SearchAction","target":{"@type":"EntryPoint","urlTemplate":"http:\/\/nclean.com.pl\/?s={search_term_string}"},"query-input":{"@type":"PropertyValueSpecification","valueRequired":true,"valueName":"search_term_string"}}],"inLanguage":"pl-PL"},{"@type":"Organization","@id":"http:\/\/nclean.com.pl\/#organization","name":"NCLEAN","url":"http:\/\/nclean.com.pl\/","logo":{"@type":"ImageObject","inLanguage":"pl-PL","@id":"http:\/\/nclean.com.pl\/#\/schema\/logo\/image\/","url":"http:\/\/nclean.com.pl\/wp-content\/uploads\/2026\/03\/1a-scaled.png","contentUrl":"http:\/\/nclean.com.pl\/wp-content\/uploads\/2026\/03\/1a-scaled.png","width":2560,"height":2560,"caption":"NCLEAN"},"image":{"@id":"http:\/\/nclean.com.pl\/#\/schema\/logo\/image\/"},"sameAs":["https:\/\/www.facebook.com\/ncleancompl\/","https:\/\/www.instagram.com\/nclean_com_pl\/"]}]}},"_links":{"self":[{"href":"https:\/\/nclean.com.pl\/index.php\/wp-json\/wp\/v2\/product\/698","targetHints":{"allow":["GET"]}}],"collection":[{"href":"https:\/\/nclean.com.pl\/index.php\/wp-json\/wp\/v2\/product"}],"about":[{"href":"https:\/\/nclean.com.pl\/index.php\/wp-json\/wp\/v2\/types\/product"}],"replies":[{"embeddable":true,"href":"https:\/\/nclean.com.pl\/index.php\/wp-json\/wp\/v2\/comments?post=698"}],"wp:featuredmedia":[{"embeddable":true,"href":"https:\/\/nclean.com.pl\/index.php\/wp-json\/wp\/v2\/media\/699"}],"wp:attachment":[{"href":"https:\/\/nclean.com.pl\/index.php\/wp-json\/wp\/v2\/media?parent=698"}],"wp:term":[{"taxonomy":"product_brand","embeddable":true,"href":"https:\/\/nclean.com.pl\/index.php\/wp-json\/wp\/v2\/product_brand?post=698"},{"taxonomy":"product_cat","embeddable":true,"href":"https:\/\/nclean.com.pl\/index.php\/wp-json\/wp\/v2\/product_cat?post=698"},{"taxonomy":"product_tag","embeddable":true,"href":"https:\/\/nclean.com.pl\/index.php\/wp-json\/wp\/v2\/product_tag?post=698"}],"curies":[{"name":"wp","href":"https:\/\/api.w.org\/{rel}","templated":true}]}}