{"id":85,"date":"2025-06-18T11:17:05","date_gmt":"2025-06-18T09:17:05","guid":{"rendered":"https:\/\/nclean.com.pl\/index.php\/about\/"},"modified":"2025-10-08T19:45:01","modified_gmt":"2025-10-08T17:45:01","slug":"podstawowe-warunki-realizacji-uslug-serwisowych","status":"publish","type":"page","link":"https:\/\/nclean.com.pl\/index.php\/podstawowe-warunki-realizacji-uslug-serwisowych\/","title":{"rendered":"Podstawowe warunki realizacji us\u0142ug serwisowych"},"content":{"rendered":"\t\t<div data-elementor-type=\"wp-page\" data-elementor-id=\"85\" class=\"elementor elementor-85\" data-elementor-post-type=\"page\">\n\t\t\t\t<div class=\"elementor-element elementor-element-ce138c7 e-con-full e-flex e-con e-parent\" data-id=\"ce138c7\" data-element_type=\"container\" data-e-type=\"container\">\n\t\t\t\t<div class=\"elementor-element elementor-element-835097e elementor-widget elementor-widget-heading\" data-id=\"835097e\" data-element_type=\"widget\" data-e-type=\"widget\" data-widget_type=\"heading.default\">\n\t\t\t\t<div class=\"elementor-widget-container\">\n\t\t\t\t\t<h1 class=\"elementor-heading-title elementor-size-default\">Podstawowe warunki realizacji us\u0142ug serwisowych<\/h1>\t\t\t\t<\/div>\n\t\t\t\t<\/div>\n\t\t\t\t<div class=\"elementor-element elementor-element-2321dad elementor-widget elementor-widget-text-editor\" data-id=\"2321dad\" data-element_type=\"widget\" data-e-type=\"widget\" data-widget_type=\"text-editor.default\">\n\t\t\t\t<div class=\"elementor-widget-container\">\n\t\t\t\t\t\t\t\t\t<ol><li>Osoba zlecaj\u0105ca napraw\u0119, podpisana poni\u017cej o\u015bwiadcza, \u017ce jest osob\u0105 upowa\u017cnion\u0105 do przes\u0142ania niniejszego zlecenia, akceptacji warunk\u00f3w zg\u0142oszenia oraz wskazania osoby akceptuj\u0105cej koszty.<\/li><li>Stawki cenowe (je\u017celi umowa indywidualna nie m\u00f3wi inaczej): koszt roboczogodziny 125 z\u0142\/godz. netto &#8211; liczone za ka\u017cd\u0105 rozpocz\u0119t\u0105 godzin\u0119, dojazd 1,50 z\u0142\/km netto (km liczone s\u0105 w dwie strony od najbli\u017cszego miasta wojew\u00f3dzkiego do miejsca u\u017cytkowania urz\u0105dzenia, na terenie miasta wojew\u00f3dzkiego obowi\u0105zuje rycza\u0142 40km x 1,50 z\u0142 netto)<\/li><li>Je\u015bli pracownik serwisu nie uzyska zgody na napraw\u0119 urz\u0105dzenia w ci\u0105gu 30 minut od zdiagnozowania usterki i podania szacowanego kosztu naprawy urz\u0105dzenia &#8211; zako\u0144czy on czynno\u015bci serwisowe, a zlecaj\u0105cemu zostanie zafakturowana 1 roboczogodzina i dojazd.<\/li><li>Niezale\u017cnie od zg\u0142oszenia, osob\u0105 decyduj\u0105c\u0105 czy naprawa podlega gwarancji jest obecny przy maszynie technik lub w przypadku sporu ze zlecaj\u0105cym, jest to osoba obs\u0142uguj\u0105ca klienta od strony handlowej.<\/li><li>Gwarancja nie obejmuje wymiany element\u00f3w ulegaj\u0105cych naturalnemu zu\u017cyciu oraz akcesoria (m.in. w\u0119\u017ce, szczotki czyszcz\u0105ce, gumy zbieraj\u0105ce, szczotki w\u0119glowe, \u0142o\u017cyska, uszczelki, filtry, ko\u0142a, akcesoria itp..)<\/li><li>Naprawom gwarancyjnym nie podlegaj\u0105 awarie powsta\u0142e m.in. wskutek: uszkodze\u0144 mechanicznych oraz braku codziennej konserwacji maszyny (brudne filtry, zapchane w\u0119\u017ce czy te\u017c zu\u017cyte szczotki lub pady.<\/li><li>Naprawom gwarancyjnym nie podlegaj\u0105 awarie powsta\u0142e wskutek nie stosowania si\u0119 do instrukcji obs\u0142ugi.<\/li><li>Zaakceptowanie powy\u017cszej informacji jest r\u00f3wnoznaczne z wyra\u017ceniem zgody na przetwarzanie danych osobowych na potrzeby wsp\u00f3\u0142pracy firmy NClean sp. z o.o z klientem zg\u0142aszaj\u0105cym serwis.<\/li><\/ol><p><br \/><br \/><\/p>\t\t\t\t\t\t\t\t<\/div>\n\t\t\t\t<\/div>\n\t\t\t\t<\/div>\n\t\t\t\t<\/div>\n\t\t","protected":false},"excerpt":{"rendered":"<p>Podstawowe warunki realizacji us\u0142ug serwisowych Osoba zlecaj\u0105ca napraw\u0119, podpisana poni\u017cej o\u015bwiadcza, \u017ce jest osob\u0105 upowa\u017cnion\u0105 do przes\u0142ania niniejszego zlecenia, akceptacji warunk\u00f3w zg\u0142oszenia oraz wskazania osoby akceptuj\u0105cej koszty. Stawki cenowe (je\u017celi umowa indywidualna nie m\u00f3wi inaczej): koszt roboczogodziny 125 z\u0142\/godz. netto &#8211; liczone za ka\u017cd\u0105 rozpocz\u0119t\u0105 godzin\u0119, dojazd 1,50 z\u0142\/km netto (km liczone s\u0105 w dwie [&hellip;]<\/p>\n","protected":false},"author":1,"featured_media":0,"parent":0,"menu_order":0,"comment_status":"closed","ping_status":"closed","template":"elementor_header_footer","meta":{"_acf_changed":false,"footnotes":""},"class_list":["post-85","page","type-page","status-publish","hentry"],"acf":[],"yoast_head":"<!-- This site is optimized with the Yoast SEO plugin v27.1.1 - https:\/\/yoast.com\/product\/yoast-seo-wordpress\/ -->\n<title>Podstawowe warunki realizacji us\u0142ug serwisowych - NCLEAN<\/title>\n<meta name=\"robots\" content=\"index, follow, max-snippet:-1, max-image-preview:large, max-video-preview:-1\" \/>\n<link rel=\"canonical\" href=\"http:\/\/nclean.com.pl\/index.php\/podstawowe-warunki-realizacji-uslug-serwisowych\/\" \/>\n<meta property=\"og:locale\" content=\"pl_PL\" \/>\n<meta property=\"og:type\" content=\"article\" \/>\n<meta property=\"og:title\" content=\"Podstawowe warunki realizacji us\u0142ug serwisowych - NCLEAN\" \/>\n<meta property=\"og:description\" content=\"Podstawowe warunki realizacji us\u0142ug serwisowych Osoba zlecaj\u0105ca napraw\u0119, podpisana poni\u017cej o\u015bwiadcza, \u017ce jest osob\u0105 upowa\u017cnion\u0105 do przes\u0142ania niniejszego zlecenia, akceptacji warunk\u00f3w zg\u0142oszenia oraz wskazania osoby akceptuj\u0105cej koszty. Stawki cenowe (je\u017celi umowa indywidualna nie m\u00f3wi inaczej): koszt roboczogodziny 125 z\u0142\/godz. netto &#8211; liczone za ka\u017cd\u0105 rozpocz\u0119t\u0105 godzin\u0119, dojazd 1,50 z\u0142\/km netto (km liczone s\u0105 w dwie [&hellip;]\" \/>\n<meta property=\"og:url\" content=\"http:\/\/nclean.com.pl\/index.php\/podstawowe-warunki-realizacji-uslug-serwisowych\/\" \/>\n<meta property=\"og:site_name\" content=\"NCLEAN\" \/>\n<meta property=\"article:publisher\" content=\"https:\/\/www.facebook.com\/ncleancompl\/\" \/>\n<meta property=\"article:modified_time\" content=\"2025-10-08T17:45:01+00:00\" \/>\n<meta name=\"twitter:card\" content=\"summary_large_image\" \/>\n<meta name=\"twitter:label1\" content=\"Szacowany czas czytania\" \/>\n\t<meta name=\"twitter:data1\" content=\"1 minuta\" \/>\n<script type=\"application\/ld+json\" class=\"yoast-schema-graph\">{\"@context\":\"https:\/\/schema.org\",\"@graph\":[{\"@type\":\"WebPage\",\"@id\":\"http:\/\/nclean.com.pl\/index.php\/podstawowe-warunki-realizacji-uslug-serwisowych\/\",\"url\":\"http:\/\/nclean.com.pl\/index.php\/podstawowe-warunki-realizacji-uslug-serwisowych\/\",\"name\":\"Podstawowe warunki realizacji us\u0142ug serwisowych - NCLEAN\",\"isPartOf\":{\"@id\":\"http:\/\/nclean.com.pl\/#website\"},\"datePublished\":\"2025-06-18T09:17:05+00:00\",\"dateModified\":\"2025-10-08T17:45:01+00:00\",\"breadcrumb\":{\"@id\":\"http:\/\/nclean.com.pl\/index.php\/podstawowe-warunki-realizacji-uslug-serwisowych\/#breadcrumb\"},\"inLanguage\":\"pl-PL\",\"potentialAction\":[{\"@type\":\"ReadAction\",\"target\":[\"http:\/\/nclean.com.pl\/index.php\/podstawowe-warunki-realizacji-uslug-serwisowych\/\"]}]},{\"@type\":\"BreadcrumbList\",\"@id\":\"http:\/\/nclean.com.pl\/index.php\/podstawowe-warunki-realizacji-uslug-serwisowych\/#breadcrumb\",\"itemListElement\":[{\"@type\":\"ListItem\",\"position\":1,\"name\":\"Strona g\u0142\u00f3wna\",\"item\":\"http:\/\/nclean.com.pl\/\"},{\"@type\":\"ListItem\",\"position\":2,\"name\":\"Podstawowe warunki realizacji us\u0142ug serwisowych\"}]},{\"@type\":\"WebSite\",\"@id\":\"http:\/\/nclean.com.pl\/#website\",\"url\":\"http:\/\/nclean.com.pl\/\",\"name\":\"NCLEAN\",\"description\":\"Czynimy sprz\u0105tanie \u0142atwiejszym!\",\"publisher\":{\"@id\":\"http:\/\/nclean.com.pl\/#organization\"},\"potentialAction\":[{\"@type\":\"SearchAction\",\"target\":{\"@type\":\"EntryPoint\",\"urlTemplate\":\"http:\/\/nclean.com.pl\/?s={search_term_string}\"},\"query-input\":{\"@type\":\"PropertyValueSpecification\",\"valueRequired\":true,\"valueName\":\"search_term_string\"}}],\"inLanguage\":\"pl-PL\"},{\"@type\":\"Organization\",\"@id\":\"http:\/\/nclean.com.pl\/#organization\",\"name\":\"NCLEAN\",\"url\":\"http:\/\/nclean.com.pl\/\",\"logo\":{\"@type\":\"ImageObject\",\"inLanguage\":\"pl-PL\",\"@id\":\"http:\/\/nclean.com.pl\/#\/schema\/logo\/image\/\",\"url\":\"http:\/\/nclean.com.pl\/wp-content\/uploads\/2026\/03\/1a-scaled.png\",\"contentUrl\":\"http:\/\/nclean.com.pl\/wp-content\/uploads\/2026\/03\/1a-scaled.png\",\"width\":2560,\"height\":2560,\"caption\":\"NCLEAN\"},\"image\":{\"@id\":\"http:\/\/nclean.com.pl\/#\/schema\/logo\/image\/\"},\"sameAs\":[\"https:\/\/www.facebook.com\/ncleancompl\/\",\"https:\/\/www.instagram.com\/nclean_com_pl\/\"]}]}<\/script>\n<!-- \/ Yoast SEO plugin. -->","yoast_head_json":{"title":"Podstawowe warunki realizacji us\u0142ug serwisowych - NCLEAN","robots":{"index":"index","follow":"follow","max-snippet":"max-snippet:-1","max-image-preview":"max-image-preview:large","max-video-preview":"max-video-preview:-1"},"canonical":"http:\/\/nclean.com.pl\/index.php\/podstawowe-warunki-realizacji-uslug-serwisowych\/","og_locale":"pl_PL","og_type":"article","og_title":"Podstawowe warunki realizacji us\u0142ug serwisowych - NCLEAN","og_description":"Podstawowe warunki realizacji us\u0142ug serwisowych Osoba zlecaj\u0105ca napraw\u0119, podpisana poni\u017cej o\u015bwiadcza, \u017ce jest osob\u0105 upowa\u017cnion\u0105 do przes\u0142ania niniejszego zlecenia, akceptacji warunk\u00f3w zg\u0142oszenia oraz wskazania osoby akceptuj\u0105cej koszty. Stawki cenowe (je\u017celi umowa indywidualna nie m\u00f3wi inaczej): koszt roboczogodziny 125 z\u0142\/godz. netto &#8211; liczone za ka\u017cd\u0105 rozpocz\u0119t\u0105 godzin\u0119, dojazd 1,50 z\u0142\/km netto (km liczone s\u0105 w dwie [&hellip;]","og_url":"http:\/\/nclean.com.pl\/index.php\/podstawowe-warunki-realizacji-uslug-serwisowych\/","og_site_name":"NCLEAN","article_publisher":"https:\/\/www.facebook.com\/ncleancompl\/","article_modified_time":"2025-10-08T17:45:01+00:00","twitter_card":"summary_large_image","twitter_misc":{"Szacowany czas czytania":"1 minuta"},"schema":{"@context":"https:\/\/schema.org","@graph":[{"@type":"WebPage","@id":"http:\/\/nclean.com.pl\/index.php\/podstawowe-warunki-realizacji-uslug-serwisowych\/","url":"http:\/\/nclean.com.pl\/index.php\/podstawowe-warunki-realizacji-uslug-serwisowych\/","name":"Podstawowe warunki realizacji us\u0142ug serwisowych - NCLEAN","isPartOf":{"@id":"http:\/\/nclean.com.pl\/#website"},"datePublished":"2025-06-18T09:17:05+00:00","dateModified":"2025-10-08T17:45:01+00:00","breadcrumb":{"@id":"http:\/\/nclean.com.pl\/index.php\/podstawowe-warunki-realizacji-uslug-serwisowych\/#breadcrumb"},"inLanguage":"pl-PL","potentialAction":[{"@type":"ReadAction","target":["http:\/\/nclean.com.pl\/index.php\/podstawowe-warunki-realizacji-uslug-serwisowych\/"]}]},{"@type":"BreadcrumbList","@id":"http:\/\/nclean.com.pl\/index.php\/podstawowe-warunki-realizacji-uslug-serwisowych\/#breadcrumb","itemListElement":[{"@type":"ListItem","position":1,"name":"Strona g\u0142\u00f3wna","item":"http:\/\/nclean.com.pl\/"},{"@type":"ListItem","position":2,"name":"Podstawowe warunki realizacji us\u0142ug serwisowych"}]},{"@type":"WebSite","@id":"http:\/\/nclean.com.pl\/#website","url":"http:\/\/nclean.com.pl\/","name":"NCLEAN","description":"Czynimy sprz\u0105tanie \u0142atwiejszym!","publisher":{"@id":"http:\/\/nclean.com.pl\/#organization"},"potentialAction":[{"@type":"SearchAction","target":{"@type":"EntryPoint","urlTemplate":"http:\/\/nclean.com.pl\/?s={search_term_string}"},"query-input":{"@type":"PropertyValueSpecification","valueRequired":true,"valueName":"search_term_string"}}],"inLanguage":"pl-PL"},{"@type":"Organization","@id":"http:\/\/nclean.com.pl\/#organization","name":"NCLEAN","url":"http:\/\/nclean.com.pl\/","logo":{"@type":"ImageObject","inLanguage":"pl-PL","@id":"http:\/\/nclean.com.pl\/#\/schema\/logo\/image\/","url":"http:\/\/nclean.com.pl\/wp-content\/uploads\/2026\/03\/1a-scaled.png","contentUrl":"http:\/\/nclean.com.pl\/wp-content\/uploads\/2026\/03\/1a-scaled.png","width":2560,"height":2560,"caption":"NCLEAN"},"image":{"@id":"http:\/\/nclean.com.pl\/#\/schema\/logo\/image\/"},"sameAs":["https:\/\/www.facebook.com\/ncleancompl\/","https:\/\/www.instagram.com\/nclean_com_pl\/"]}]}},"_links":{"self":[{"href":"https:\/\/nclean.com.pl\/index.php\/wp-json\/wp\/v2\/pages\/85","targetHints":{"allow":["GET"]}}],"collection":[{"href":"https:\/\/nclean.com.pl\/index.php\/wp-json\/wp\/v2\/pages"}],"about":[{"href":"https:\/\/nclean.com.pl\/index.php\/wp-json\/wp\/v2\/types\/page"}],"author":[{"embeddable":true,"href":"https:\/\/nclean.com.pl\/index.php\/wp-json\/wp\/v2\/users\/1"}],"replies":[{"embeddable":true,"href":"https:\/\/nclean.com.pl\/index.php\/wp-json\/wp\/v2\/comments?post=85"}],"version-history":[{"count":8,"href":"https:\/\/nclean.com.pl\/index.php\/wp-json\/wp\/v2\/pages\/85\/revisions"}],"predecessor-version":[{"id":829,"href":"https:\/\/nclean.com.pl\/index.php\/wp-json\/wp\/v2\/pages\/85\/revisions\/829"}],"wp:attachment":[{"href":"https:\/\/nclean.com.pl\/index.php\/wp-json\/wp\/v2\/media?parent=85"}],"curies":[{"name":"wp","href":"https:\/\/api.w.org\/{rel}","templated":true}]}}